-1
Suppose 1265*v = 1268*v - 15. Let r(n) = n - 48 + 25 + 27. Give r(v).
9
Let w be (-7)/(-2)*(-27)/((-2079)/220). Let h(u) = -3*u + u**3 - 2*u + w + 4*u - 5 - 6. Let s be 5/2 - (-2)/(-4). Calculate h(s).
5
Let c(b) = 3*b**3 + 36*b**2 - 18*b - 5. Let j be c(-12). Let m = j - 202. Let o(g) = -g - 1. Let w(d) = -12. Let q(p) = o(p) - w(p). What is q(m)?
2
Let f(i) = i**3 - 20*i**2 + 23*i - 18. Let g be (42/70)/((-9)/(-285)). Determine f(g).
58
Let m(v) = 2*v**2 + 35*v - 80*v + 41*v + 1 + v**3. Suppose 13 = -4*i + b, i + b = 6*i + 16. What is m(i)?
4
Let b(w) = -30*w + 117. Let c(i) = 7*i - 29. Let a(f) = -3*b(f) - 13*c(f). Determine a(24).
2
Suppose -150*f + 35*f = 21*f - 408. Let z(s) = s**3 - 4*s + 3. Calculate z(f).
18
Let b = -135 + 149. Let j = b + -17. Let g(n) be the first derivative of -n**2/2 - 3*n + 20. Calculate g(j).
0
Let p(t) = t**3 + 8*t**2 - 3*t - 23. Let c = -2556 + 2548. What is p(c)?
1
Let f(x) = 11*x. Suppose -30 = -33*q + 27*q. Let s(m) = 8*m. Let b(u) = q*f(u) - 7*s(u). Determine b(0).
0
Let d(i) = i**3 + 18*i**2 + 32*i - 6. Let s be d(-16). Let f(k) = -5*k**3 - 30*k**2 - 3*k - 13. Let c be f(s). Let z(g) = -g**2 + 4*g + 1. Determine z(c).
-4
Suppose 402*k - 3275 = -570 - 293. Let h(o) = 2*o**2 - 14*o + 10. What is h(k)?
-2
Suppose -18 = -18*g + 21 - 3. Let f(o) = 27*o - 7. Give f(g).
47
Suppose 10*p - 4*p = -96. Let g be (-3)/(2/p*6). Let q(f) be the third derivative of f**5/60 - f**4/24 + f**3/6 + 2*f**2. Determine q(g).
13
Let r(k) = 30*k + 2. Let q = -26667 + 26667. What is r(q)?
2
Let q(t) = -2*t**2 - 8*t + 17. Let j be q(-5). Let i(p) = -2*p**2 + 6*p + 13. Let m(u) = -3*u**2 + 10*u + 19. Let l(f) = j*i(f) - 5*m(f). Calculate l(10).
16
Let c(u) be the second derivative of 7 + 1/20*u**5 - 4/3*u**3 - 1/2*u**2 - 7/12*u**4 + 4*u. Let a(o) = -o**3 + 5*o**2 + 3*o - 7. Let q be a(5). Calculate c(q).
-1
Let d(i) be the first derivative of -i**4/4 - 11*i**3/3 - 10*i**2 - 13*i - 5146. What is d(-9)?
5
Let q(p) = -p - 4. Let i(u) = -u - 4. Let h(g) = 3*i(g) - 2*q(g). Suppose -6*t + 3 = -9. Suppose -3*w + 3*v - 23 = 2*v, 7 = -t*w - v. What is h(w)?
2
Let k be -4 + (-3)/9*-27. Suppose 0 = -k*a - 8*a - 78. Let r(i) = i**2 + 8*i - 1. Calculate r(a).
-13
Let y(l) be the third derivative of -l**6/120 - 11*l**5/60 - 7*l**4/24 + 19*l**3/6 + 466*l**2 - 2. What is y(-10)?
-11
Let t(l) = -l**2 - 5*l - 17. Suppose -3*y + 27 = -4*z, 3*y - 16 = z - 7. What is t(z)?
-23
Let a(m) be the second derivative of m**5/20 + m**4/4 - m**3/3 - 3*m**2/2 + 19*m + 7. Let l = 11 + -15. What is a(l)?
-11
Let v be -17 + 14 - (-3 + 4). Let f(b) = 5*b**2 + 4 - 6*b**2 + 2*b**2 + 6*b. Give f(v).
-4
Suppose 39*l = 222*l - 4983 + 408. Let y(r) = r**2 - 25*r - 1. Give y(l).
-1
Let d(c) = -14*c + 82. Let g = -17877 + 17885. Calculate d(g).
-30
Suppose -8 = 7*u - 3*u. Let r(k) = k - 6. Let z(l) = -10*l - 27. Let x(v) = -4*r(v) + z(v). Calculate x(u).
25
Let q(x) be the second derivative of -x**3/6 - 9*x**2/2 - x - 284. Determine q(4).
-13
Let p(l) = -4*l**2 - l + 1. Let d be (-1 + (6 - 6))*(-5 - -1). Suppose 2*v = d*i + v + 3, -v = 5. Determine p(i).
-13
Let q(s) be the first derivative of -s**4/6 - 2*s**3/3 - 28*s**2 - 48. Let j(u) be the second derivative of q(u). Determine j(-3).
8
Let j(f) = -f**2 + f + 8. Let q be j(-3). Let l(g) = -g**3 - 5*g**2 - g - 20. Let o(z) = z**3 + 5*z**2 - z + 32. Let w(p) = 3*l(p) + 2*o(p). Give w(q).
8
Let u(m) = 1180*m**3 - 8*m**2 - 17 - 598*m**3 + 9*m - 583*m**3. Calculate u(-9).
-17
Let f(g) be the first derivative of -41 + 2*g + 0*g**2 + 1/4*g**4 - 2*g**3. What is f(5)?
-23
Let w = -694 + 679. Let z(j) = j + 33. What is z(w)?
18
Suppose -13368 = -7*g - 13396. Let t(q) be the first derivative of -2*q**3/3 - 5*q**2 - 8*q + 13. Calculate t(g).
0
Let f(n) = -3*n**3 + 2*n**2 + 3*n - 14. Let b(j) = -2*j**3 + j**2 + 2*j - 9. Suppose 10*s = -33 - 47. Let i(x) = s*b(x) + 5*f(x). Determine i(2).
16
Let j(x) be the second derivative of -x**3 + x**2/2 + 1512*x. What is j(2)?
-11
Let h(b) = 3*b**3 - 6*b**2 + b + 2. Let i(k) = 4*k**3 - 5*k**2 + 2*k + 3. Let f(n) = -3*h(n) + 2*i(n). Let w be (-30)/(-95) - 876/(-114). What is f(w)?
8
Let i(v) = -11*v + 1. Suppose -215 = 10*q - 175. Let m = -5 + 3. Let s be m/((16/4)/q). Give i(s).
-21
Let r(a) = 25*a - 1. Let z(q) = 178*q - 50. Let s(p) = 7*r(p) - z(p). Calculate s(14).
1
Let i(d) = 1 - d + d**2 - 5*d**2 + 3*d**2 - 14*d**3. Suppose 9 = 5*z + 4*q, -q - 1 = -6*z + 4*z. Give i(z).
-15
Let r(u) = -u**2 - 5*u + 6. Let z = 82 + -81. Let s be (-12)/(-10)*z/(7/(-35)). Calculate r(s).
0
Let r(n) = n**3 + 6*n**2 - 2*n + 1. Let k be r(-6). Suppose -k = 5*q - 8. Let l(f) = 53 - 54 - f - 142*f**2 + 136*f**2. Give l(q).
-6
Let s(c) be the third derivative of -c**5/60 + c**4/8 + 3*c**3/2 - c**2. Suppose 28 + 509 = 133*v - 128. Calculate s(v).
-1
Let c(r) be the first derivative of r**7/840 + r**6/60 + 11*r**5/120 + r**4/3 + 247*r**3/3 - 263. Let h(z) be the third derivative of c(z). Calculate h(-4).
-4
Let w(k) = 3*k - 17. Let r be w(7). Let y be (14 - r)*(-8)/(-10). Suppose 0 = 6*i + y + 16. Let f(t) = -t**3 - 4*t**2 - t + 4. Determine f(i).
8
Let s(u) = u**3 + 9*u**2 + 2*u + 10. Suppose h = r + 4*h + 89, 4*h - 198 = 2*r. Let z be 18/5*r/38. What is s(z)?
-8
Let r(i) = -24*i + 406. Let x be r(17). Let n(m) = 10*m**3 + 7*m**2 + 6*m. Let p(o) = 19*o**3 + 13*o**2 + 11*o. Let l(t) = -7*n(t) + 4*p(t). Give l(x).
-40
Let v = -23 + 12. Let m be (-8)/(-12)*-6 - v. Let u(q) = -239*q + 499*q - 259*q - 15. Determine u(m).
-8
Suppose -256 + 76 = -2*k + 20*k. Let q(h) = 2*h**3 + 19*h**2 - 12*h - 14. Determine q(k).
6
Suppose -7*z = 231 - 1344. Let r = z - 153. Let g(s) = -s**2 + 6*s + 3. Determine g(r).
3
Let t(k) = k**2 + 75296*k - 150611*k + 75310*k + 1 + 7. Let j = 8 + -4. Determine t(j).
4
Suppose -584*v + 118*v + 7419 = 1361. Let r(a) = a**3 - 10*a**2 - 41*a + 18. Determine r(v).
-8
Let b(g) be the second derivative of -g**4/12 - 2*g**3/3 - 2*g**2 + 2*g. Let w be (((-156)/(-36))/13)/((-1)/(-159)). Suppose 19*v - w*v = 170. Determine b(v).
-9
Suppose -3*s + 9 = 0, -4*g + 0*g = -6*s + 42. Let h(m) = -m**2 - 16*m - 19. Calculate h(g).
41
Let x(z) = 9*z**3 + 4*z**2 + z - 6. Let r(n) be the first derivative of -5*n**4/4 - 2*n**3/3 - n**2/2 + 3*n - 52. Let k(u) = -7*r(u) - 4*x(u). Calculate k(-3).
3
Let x = 37 + -26. Suppose 13 = 6*k - x. Let r(i) = -i**3 + 0*i**2 + 0*i + 0*i + 5*i**2 - 3*i. What is r(k)?
4
Let s = 2805 + -2787. Let i(w) be the first derivative of -1/3*w**3 - 4*w - 5/2*w**2 + s. What is i(-3)?
2
Let m(s) = 67*s - 5232. Let d be m(78). Let v(o) = 2*o**2 + 3*o + 12. Calculate v(d).
66
Let t(w) = 35*w - 14. Let o(d) = -44*d + 18. Let g(k) = 5*o(k) + 6*t(k). Give g(-1).
16
Let n(o) be the third derivative of o**6/120 + o**5/12 + o**4/8 + 2*o**3/3 + 3*o**2. Let x = 926 - 931. What is n(x)?
-11
Suppose 0 = -5*d - 20, -2*z - 250 = -d - 266. Let o(y) = 3*y**2 - 18*y + 2. Give o(z).
2
Let z(c) = -10*c + 4. Let l be (187/(-51))/11*-27. Calculate z(l).
-86
Let i(h) = -h**3 + 7*h**2 - 7*h. Let x(q) = q**2 - 10*q + 14. Let p be x(9). Suppose -2*c - p = -7. Suppose -5*s = -3*j + 20, j + c = 2*j + 4*s. Determine i(j).
15
Let j(k) = 12*k + 160*k**2 - 6*k**3 - 369*k**2 + 8*k**3 + 1 + 184*k**2. Give j(12).
1
Let j(n) = -26*n - 28. Let z(w) = -6*w + 4. Let x(d) = -j(d) + 4*z(d). Determine x(-27).
-10
Let y(x) be the second derivative of x**5/20 - 4*x**2 - x. Let h be (-975)/(-10)*(-48)/(-72). Suppose -h*b + 16*b = 9*b. What is y(b)?
-8
Let w(p) = 3*p + 5. Suppose 0*o + 232 = 4*o. Suppose o = -u + 54. What is w(u)?
-7
Let m(n) = -n**2 - 2*n - 2. Let y = -32 - -44. Suppose -3*p + 2*u - 8 = -7*p, -3*u = -3*p - y. Suppose -14*r + 18*r + 8 = p. What is m(r)?
-2
Let a(o) = -2*o**3 - o**2 + 1. Let g be (-2 - 0)*(-5)/(-20)*-6. Suppose 3*d + 4*l - 12 = -10, 5*l = -4*d + g. What is a(d)?
-19
Let s(t) = -3*t + 132. Let k be s(59). Let m(u) = u**2 + 43*u - 92. What is m(k)?
-2
Let z(q) = 2*q - 3. Let u be z(3). Let a(s) = s - 8. Let x be a(10). Let t(d) = -d**x + 66*d + 73*d - 134*d - 3. What is t(u)?
3
Let l(u) be the first derivative of u**4/4 - 40*u**3/3 - 19*u**2 - 115*u - 917. Give l(41).
8
Let p(c) = -15*c**3 + 2*c + 1. Let v(k) = 3*k + 0*k - 3 + 1 + k. Let u be v(7). Suppose u*q = 31*q + 5. Determine p(q).
14
Let c(b) be the s